Evaluate 40 - ((-3 - -40) + -10).
13
(7 - -11) + 5 - 11
12
What is the value of (-2 - (3 - 3 - -5 - 2)) + 4?
-1
0 - (4 - 0) - (3 + -6 - 0)
-1
What is 25 + -2 + -44 + 22?
1
-33 + -32 + (-21 - -52)
-34
Calculate (-21 + 5 - -31) + -3.
12
What is the value of 1 + (8 - (-14 + 9 + (44 - 5)))?
-25
Calculate 3 - (6 - (11 - -1)).
9
13 + 7 + -3 + -11 + 1 + -1
6
1 - -25 - (-47 + 61)
12
Calculate -1 + -1 + 32 + -33 + 11.
8
Calculate 25 + (-1 - 5) + 6 + (-19 - -5).
11
7 - (0 - -27 - (-28 + 6 + 13))
-29
Calculate -17 + 9 + (16 - (11 + -6)).
3
(9 - 4 - 7) + 8 - -3
9
What is the value of 25 + 10 + 31 - 39?
27
Evaluate (-9 - 1) + 219 + -208.
1
-22 + -2 + -9 + 15 + -20 + 4
-34
What is -2 - -11 - (-46 - (-22 - 10))?
23
Calculate 4 - (-8 + -2 - -21).
-7
What is the value of (-2 - -12) + -2 + 0 + -2?
6
Evaluate 1 - 13 - (10 + (-24 + 5 - -10)).
-13
Evaluate 0 + (-16 + 4 - -19) - -5.
12
Calculate 0 - -39 - (558 - 509).
-10
Calculate 22 + (-7 + 6 - (1 + -7)).
27
Evaluate 23 - (28 - (-17 - -26)).
4
What is the value of 5 + 3 + -10 + 3 - 11?
-10
What is the value of -11 + 12 + -14 + 16?
3
What is the value of 13 + -17 + (16 - -1)?
13
What is the value of 0 + (7 - (7 - -11)) + 6 + 7?
2
(-184 - -214) + (-18 - -2)
14
What is 2 - 16 - (-61 - -59)?
-12
What is the value of (-3 - -20) + -7 - -1 - -4?
15
Calculate -10 - (-13 - (16 + -9)).
10
-42 + 31 + (19 - 3)
5
Calculate 6 + (-3 + 8 + -2 - 12) + 1.
-2
Calculate 20 + (26 - 11) - 20.
15
What is (4 + (-16 - -7) - -9) + -11?
-7
Calculate 108 + -104 - (0 + 1).
3
12 - (23 + -24 + -19)
32
Evaluate (-2 - (30 - (-7 - 6))) + 15.
-30
Calculate -11 + (3 - 2) + 29 + 43 + -81.
-19
Calculate 347 + -369 - (2 + (5 - 2)).
-27
Evaluate -1 - -13 - (2 - -8).
2
(9 - (-9 + 4 - 1)) + -2
13
What is the value of 10 + -9 + (13 - 10) + 3?
7
What is the value of 1 + (21 + -8 - 6 - -16) - 3?
21
What is the value of (-7 - 4 - -6) + (0 - 3) + -3?
-11
-2 - (2 + (3 - -7 - 4))
-10
24 + 10 + (10 - 24)
20
Calculate -1 + -5 - (19 + -18 + -3).
-4
Evaluate 14 - (-6 + (-13 - -27) - 6).
12
Calculate -16 + (-43 - -43) + 0 + -1 + -6.
-23
What is the value of -1 + (4 + -22 + 2 + -1 - -2)?
-16
What is the value of (4 - (1 - -1)) + 0 - (-59 - -56)?
5
What is 14 + -5 - 4 - (2 + 9 - 5)?
-1
Evaluate -1 - (-13 - -4 - -4) - (36 - 34).
2
What is 13 - (10 - 6 - 2)?
11
Calculate 2 - (2 + -1) - (-52 + (77 - 35)).
11
1 - (-1 + -8) - 21
-11
What is 7 - (0 - (1 + -1)) - (-52 - -48)?
11
What is the value of 0 - -3 - (-9 + 3 + -1)?
10
What is ((-11 - -11) + -3 - (-2 - -7)) + -11?
-19
88 - 78 - (2 + -4)
12
Calculate 11 + (-5 + 2 - -1 - (25 - 17)).
1
What is 45 + -64 - (12 + -6)?
-25
What is the value of (-23 + 1 - (12 - (42 - 27))) + 0?
-19
What is 13 - (20 + (-16 - -13))?
-4
(0 - 4) + (4 - 11)
-11
What is the value of 4 + 6 + -4 + 0 + 3 - 1?
8
Calculate -24 - 2 - (-13 - (47 - 48)).
-14
8 + 8 + -24 - (0 - 1) - 5
-12
Calculate (0 - 5) + 4 + (-2 - (-6 - -19)).
-16
Calculate 6 + (-7 - 1) + 3 - (2 - 2).
1
What is 11 + -10 + 8 + (-3 - 0)?
6
Evaluate (15 - (12 + 15)) + 22.
10
What is -2 + 1 + -11 - (-869 - -866)?
-9
What is (25 - (-26 - -30)) + -18?
3
Calculate -12 + (-2 - 1) + 6 + -14 + 4.
-19
(17 - 15 - -7) + 5
14
Evaluate 13 + (-9 + 2 - 24) + 10.
-8
Evaluate 21 + -3 + 2 + 20 + -27 + -7.
6
(-33 + 26 - (1 - 5)) + -9 + 18
6
What is 9 + (-6 - 18) + 16?
1
Calculate -4 + 1 - (19 + -36 + 32).
-18
Evaluate -16 + 24 - (4 - 5 - 2 - 4).
15
What is the value of (1 - (0 - -8)) + (-27 - (-82 - -48))?
0
Evaluate 1 - (0 + -3 + 6 + -12).
10
Evaluate 0 + 1 + -10 + 4875 + -4864.
2
Calculate -11 - (-45 - -15) - 18 - (-1 + -1).
3
What is (2 - -5) + (-29 - -29)?
7
What is the value of -13 + 15 + (-3 - -6 - -15)?
20
Evaluate -2 + 4 + (0 - (-7 - -16)).
-7
What is the value of (12 - ((-123 - -120) + (1 - 3))) + 6?
23
Evaluate -45 - (-23 + (23 - 31)).
-14
Evaluate -22 + (21 + -12 + -16 - -13).
-16
Calculate 23 - (-11 + 20 + 22).
-8
What is the value of -28 + 32 + 14 + (-26 - -3)?
-5
What is the value of (0 + -5 + -1 - -1) + (2 - 3)?
-6
What is the value of 0 + 9 + (-23 - -2)?
-12
(-482 - -475) + 25 + -1
17
Evaluate 25 - (16 + -2 + 0 + -128 + 122).
17
2 - 9 - (16 - 19)
-4
What is -12 - -6 - 0 - -4?
-2
Calculate 9 + -2 - (-2 + 1 + 11 + 19).
-22
Calculate 13 + -23 + 5 + (-4 - -5).
-4
What is (-3 - 9) + 8 + -10?
-14
Calculate -14 + (-12 - -10) - (-12 + 21).
-25
What is the value of 5 + (-12 - -10) + (14 - 5)?
12
What is (-18 - (2 + -4)) + 11 + 3 + -8?
-10
Calculate (36 - 6 - 0) + -10 + -2 + 0.
18
(-101 - -78) + (13 - 0) - -14
4
What is -4 + 1 - ((16 - (19 + -15)) + -31)?
16
Calculate (-17 - (-1 - -1)) + (32 - 23).
-8
8 + (-12 - (4 + -13 - 0)) + 9
14
Evaluate (2 - (2 + -2) - (25 - 19)) + 16.
12
What is 52 - 48 - ((-8 - 1) + 25)?
-12
What is the value of 0 - -6 - (53 - 29 - 27)?
9
Calculate 551 + -539 - (0 + -3).
15
(20 - (18 + -23)) + -4
21
What is (33 - 51) + 39 + 9?
30
What is 1 + -11 + (-50 - -58) - (-18 - 0)?
16
Evaluate 0 + (0 - 1) + 217 + -217.
-1
What is 5 + -6 + -7 + 13 + 1 + -4?
2
14 + (-4 - (-12 - (-4 + -2)))
16
Calculate -45 + 61 - (6 + 4).
6
-1 - 5 - (-17 + -6)
17
Evaluate -11 + (0 - 19) + 6.
-24
(9 + -12 - -11) + -1
7
What is -13 - (-9 + 1 - 14) - 4?
5
7 + (31 + -48 - (9 - 1)) + -4
-22
Evaluate 27 - 32 - 15 - -17.
-3
What is 40 - (10 + (18 - -4))?
8
Evaluate -2 - (27 - (16 + -1)).
-14
Calculate -1 + -1 + -1 + (0 - -15) + 7.
19
What is (16 - (13 - -8)) + 26?
21
Evaluate -15 - (-25 + 7 + 27).
-24
Calculate -3 - (3 - (6 + 1 + 4)).
5
Evaluate 46 - 37 - (15 + 8).
-14
Evaluate -17 - 15 - (52 + -80).
-4
Calculate (5 - 13 - -12) + 2 + -2.
4
Calculate -23 + -4 + 3 + 6.
-18
What is 1130 + -1094 + -16 + 0?
20
What is the value of (-7 + 15 - 20 - -4) + (-7 - 1)?
-16
What is (-13 - (-6 - 0)) + 29 + 4 + -4?
22
Calculate -21 - -1 - -8 - -4.
-8
-40 - -150 - 71 - (14 - 2)
27
Calculate (-7 - (2 + -6 + -7)) + -4 + -8.
-8
Evaluate (4 - 11) + 24 + -9 + -19.
-11
What is -3 + 7 + -2 - (24 - (16 + -6))?
-12
What is (3 - 30) + -41 + (37 - -4)?
-27
What is the value of (-12 - -13) + -1 + -11?
-11
What is the value of 0 + 0 + -3 - ((-6 - -4) + -16)?
15
Calculate -29 - ((8 - 14) + (-1 - 4)).
-18
Evaluate 15 + (-1 - 4 - (2 - -17)).
-9
What is the value of -11 + (6 + (-10 - -9) - 5) + -9?
-20
-5 + (8 - 8 - (-9 + 3 + 4))
-3
Calculate -3 - -8 - (10 + -27 - (0 + 2)).
24
What is 5 + -20 + (1 - -8) - -16?
10
What is the value of 16 + -14 + -33 + 14?
-17
Evaluate (-15 - -2) + (-2 - -6) - -36.
27
Calculate 22 - (-2 - 3 - 4 - -11).
20
What is 30 - 148 - -47 - -33?
-38
Evaluate -2 + (6 + 4 - 19) - 3.
-14
What is the value of 39 - 15 - (6 + -4 + -1 - -4)?
19
What is -16 - (-12 - (-21 - (-3 - 0)))?
-22
Evaluate (-3 - 1) + -3 + (8 - (1 + 10)).
-10
What is the value of -11 + (-2 - (4 - 1) - -10) - -12?
6
What is 9 + 47 + -33 + (1 - 3)?
21
What is 12 - (11 + (-16 - -12) + -10)?
15
Calculate -69 + 56 - (2 - 24).
9
Calculate (-2 - -2) + 11 + (-39 - -17).
-11
5 + -9 + 11 + (0 - 0)
7
What is the value of -9 + (-3 - -11) + (-30 - (-11 - -4))?
-24
What is the value of -1 - -3 - (-13 - -10) - (-20 - -12)?
13
What is (-14 - -44) + (79 - 122)?
-13
Evaluate (41 - (-13 - -17)) + -58.
-21
What is the value of (142 - 125) + (-12 - 1)?
4
-9 + -1 + (-22 - (-19 - 1))
-12
What is the value of -15 - (-6 + 17 + (-13 - -13))?
-26
What is the value of -4 - (-21 + 17) - -1 - (13 - -1)?
-13
Evaluate -31 - (-28 - -30) - -56.
23
Evaluate (-4 - -1) + (27 - (4 + 28)).
-8
3 - -23 - (43 + -22 - 23)
28
(9 - (-8 - -12) - (5 + 3)) + 9
6
What is -3 + 8 - 12 - -14?
7
(25 - 14 - 22) + -5 + (-2 - 1)
-19
(-35 - -16) + 6 - (13 + -3)
-23
Evaluate -4 + 5 + -1 + 2.
2
Evaluate 12 + -2 + -7 + 0.
3
Evaluate -8 - (13 - 9) - -11 - 6 - -4.
-3
Evaluate 0 - -1 - (10 + -10 + 8 + 5).
-12
What is the value of (3 + 1 - 5) + -7?
-8
What is the value of 19 - 7 - 8 - ((2 - 24) + 8)?
18
What is the value of 6 + (3 - 2) + (-15 - (4 - 8))?
-4
Calculate (-22 - -14 - -6) + (0 - 11).
-13
What is -11 - ((1 + -5 - 13) + 10)?
-4
19 + -37 + (-8 + 9 - -5) + 41
29
What is (1 - 0) + -2 + 6 + 2?
7
-29 - (-31 + -1) - (3 - 1 - 1)
2
Calculate 11 - 0 - (255 + -239).
-5
What is the value of 8 + (4 - 3) + -5 + 1 + -2?
3
(-1003 - -1008) + (21 - 0)
26
What is the value of -13 + (2 - -3) - (1 + -3)?
-6
Evaluate -6 + (-60 - -59 - (1 + 1 - 6)).
-3
Evaluate (-2 - -20) + (4 - 3 - (5 - -3)).
11
-28 + (-3 - -1) + -2
-32
What i